7, 59
What are the prime factors of 86764?
2, 109, 199
What are the prime factors of 41324?
2, 10331
List the prime factors of 14117.
19, 743
List the prime factors of 93428.
2, 23357
What are the prime factors of 2104?
2, 263
What are the prime factors of 118633?
118633
List the prime factors of 2190.
2, 3, 5, 73
List the prime factors of 754.
2, 13, 29
What are the prime factors of 15639?
3, 13, 401
List the prime factors of 910.
2, 5, 7, 13
What are the prime factors of 21583?
113, 191
List the prime factors of 9087.
3, 13, 233
What are the prime factors of 1400?
2, 5, 7
What are the prime factors of 136727?
136727
List the prime factors of 51665.
5, 10333
What are the prime factors of 27225?
3, 5, 11
What are the prime factors of 4167?
3, 463
List the prime factors of 19636.
2, 4909
What are the prime factors of 49626?
2, 3, 919
List the prime factors of 5460.
2, 3, 5, 7, 13
List the prime factors of 40169.
40169
List the prime factors of 41532.
2, 3, 3461
What are the prime factors of 1408?
2, 11
What are the prime factors of 138445?
5, 27689
List the prime factors of 1609.
1609
What are the prime factors of 5303?
5303
What are the prime factors of 756?
2, 3, 7
List the prime factors of 5298.
2, 3, 883
What are the prime factors of 62907?
3, 13, 1613
What are the prime factors of 27500?
2, 5, 11
What are the prime factors of 16450?
2, 5, 7, 47
List the prime factors of 3141.
3, 349
List the prime factors of 5316.
2, 3, 443
List the prime factors of 1040.
2, 5, 13
List the prime factors of 6405.
3, 5, 7, 61
What are the prime factors of 1146?
2, 3, 191
List the prime factors of 9961.
7, 1423
What are the prime factors of 27305?
5, 43, 127
List the prime factors of 35384.
2, 4423
List the prime factors of 1889.
1889
What are the prime factors of 3711?
3, 1237
What are the prime factors of 47082?
2, 3, 7, 19, 59
What are the prime factors of 53682?
2, 3, 23, 389
List the prime factors of 1066.
2, 13, 41
What are the prime factors of 668?
2, 167
List the prime factors of 2818.
2, 1409
List the prime factors of 3548.
2, 887
List the prime factors of 10033.
79, 127
What are the prime factors of 214?
2, 107
What are the prime factors of 152?
2, 19
What are the prime factors of 773?
773
List the prime factors of 108866.
2, 29, 1877
What are the prime factors of 72861?
3, 149, 163
List the prime factors of 3785.
5, 757
List the prime factors of 402.
2, 3, 67
What are the prime factors of 187936?
2, 7, 839
What are the prime factors of 385?
5, 7, 11
List the prime factors of 3510.
2, 3, 5, 13
What are the prime factors of 770?
2, 5, 7, 11
What are the prime factors of 2964?
2, 3, 13, 19
What are the prime factors of 48?
2, 3
List the prime factors of 850.
2, 5, 17
List the prime factors of 40140.
2, 3, 5, 223
List the prime factors of 1117.
1117
What are the prime factors of 18325?
5, 733
What are the prime factors of 489?
3, 163
List the prime factors of 5227.
5227
List the prime factors of 6240.
2, 3, 5, 13
What are the prime factors of 126199?
126199
List the prime factors of 155.
5, 31
What are the prime factors of 11712?
2, 3, 61
What are the prime factors of 205?
5, 41
What are the prime factors of 427?
7, 61
What are the prime factors of 11131?
11131
List the prime factors of 30495.
3, 5, 19, 107
What are the prime factors of 1102?
2, 19, 29
What are the prime factors of 31784?
2, 29, 137
List the prime factors of 14188.
2, 3547
What are the prime factors of 18843?
3, 11, 571
What are the prime factors of 22614?
2, 3, 3769
What are the prime factors of 18436?
2, 11, 419
List the prime factors of 1995.
3, 5, 7, 19
List the prime factors of 4619.
31, 149
What are the prime factors of 29959?
29959
What are the prime factors of 192?
2, 3
List the prime factors of 22055.
5, 11, 401
What are the prime factors of 2506?
2, 7, 179
List the prime factors of 14482.
2, 13, 557
List the prime factors of 244.
2, 61
What are the prime factors of 21994?
2, 7, 1571
What are the prime factors of 214?
2, 107
What are the prime factors of 4923?
3, 547
List the prime factors of 2938.
2, 13, 113
List the prime factors of 3223.
11, 293
What are the prime factors of 268?
2, 67
What are the prime factors of 82?
2, 41
What are the prime factors of 24722?
2, 47, 263
What are the prime factors of 5485?
5, 1097
List the prime factors of 3544.
2, 443
List the prime factors of 8208.
2, 3, 19
What are the prime factors of 991?
991
List the prime factors of 31135.
5, 13, 479
List the prime factors of 162484.
2, 7, 829
What are the prime factors of 47767?
37, 1291
What are the prime factors of 13505?
5, 37, 73
List the prime factors of 1172.
2, 293
List the prime factors of 15904.
2, 7, 71
List the prime factors of 3759.
3, 7, 179
List the prime factors of 26481.
3, 7, 13, 97
List the prime factors of 66107.
66107
List the prime factors of 3225.
3, 5, 43
List the prime factors of 1831.
1831
What are the prime factors of 672?
2, 3, 7
List the prime factors of 4091.
4091
What are the prime factors of 887?
887
List the prime factors of 83991.
3, 27997
List the prime factors of 31350.
2, 3, 5, 11, 19
List the prime factors of 14852.
2, 47, 79
What are the prime factors of 8840?
2, 5, 13, 17
List the prime factors of 2710.
2, 5, 271
List the prime factors of 73562.
2, 36781
What are the prime factors of 52545?
3, 5, 31, 113
List the prime factors of 74.
2, 37
List the prime factors of 43800.
2, 3, 5, 73
What are the prime factors of 456?
2, 3, 19
What are the prime factors of 17830?
2, 5, 1783
What are the prime factors of 67931?
67931
List the prime factors of 9571.
17, 563
What are the prime factors of 63013?
61, 1033
List the prime factors of 9383.
11, 853
List the prime factors of 1235.
5, 13, 19
What are the prime factors of 2822?
2, 17, 83
List the prime factors of 143938.
2, 79, 911
What are the prime factors of 20573?
7, 2939
What are the prime factors of 3183?
3, 1061
List the prime factors of 3652.
2, 11, 83
List the prime factors of 104234.
2, 13, 19, 211
List the prime factors of 142320.
2, 3, 5, 593
What are the prime factors of 135534?
2, 3, 7, 461
List the prime factors of 67059.
3, 7451
What are the prime factors of 1214?
2, 607
List the prime factors of 1102.
2, 19, 29
List the prime factors of 2810.
2, 5, 281
What are the prime factors of 47064?
2, 3, 37, 53
List the prime factors of 6109.
41, 149
What are the prime factors of 1184?
2, 37
List the prime factors of 80402.
2, 7, 5743
What are the prime factors of 2515?
5, 503
List the prime factors of 1014.
2, 3, 13
What are the prime factors of 5152?
2, 7, 23
What are the prime factors of 102342?
2, 3, 37, 461
What are the prime factors of 4638?
2, 3, 773
List the prime factors of 15888.
2, 3, 331
List the prime factors of 2615.
5, 523
List the prime factors of 21726.
2, 3, 17, 71
What are the prime factors of 18253?
18253
List the prime factors of 781.
11, 71
What are the prime factors of 949?
13, 73
List the prime factors of 99019.
83, 1193
List the prime factors of 34088.
2, 4261
List the prime factors of 3499.
3499
List the prime factors of 1203.
3, 401
List the prime factors of 114145.
5, 37, 617
List the prime factors of 6406.
2, 3203
What are the prime factors of 63361?
63361
What are the prime factors of 6981?
3, 13, 179
List the prime factors of 44.
2, 11
List the prime factors of 17549.
7, 23, 109
List the prime factors of 13934.
2, 6967
List the prime factors of 524.
2, 131
What are the prime factors of 5135?
5, 13, 79
What are the prime factors of 10412?
2, 19, 137
List the prime factors of 83421.
3, 13, 23, 31
What are the prime factors of 5855?
5, 1171
What are the prime factors of 1298?
2, 11, 59
List the prime factors of 51938.
2, 25969
List the prime factors of 89447.
23, 3889
What are the prime factors of 132584?
2, 16573
What are the prime factors of 4405?
5, 881
List the prime factors of 8329.
8329
List the prime factors of 659.
659
List the prime factors of 10764.
2, 3, 13, 23
List the prime factors of 2437.
2437
List the prime factors of 738.
2, 3, 41
What are the prime factors of 104820?
2, 3, 5, 1747
List the prime factors of 4274.
2, 2137
List the prime factors of 2882.
2, 11, 131
List the prime factors of 15010.
2, 5, 19, 79
List the prime factors of 65302.
2, 103, 317
What are the 